tors of m?
2, 7
Let j be (24/10)/((-4)/(-60)). Let s be (2*(-21)/(-9))/((-4)/(-6)). Let q = j - s. List the prime factors of q.
29
Let b be (9/6)/((-2)/(-4)). Let u(d) = 3*d**2 + d + 1. Let m be u(b). Suppose -m - 54 = -5*s. What are the prime factors of s?
17
Let g(q) = 571*q - 285*q - 279*q - 12. Let b be (-7)/(0 - (-2)/(-2)). List the prime factors of g(b).
37
What are the prime factors of (486 - 29) + 8/(-2)?
3, 151
Let b be 1/5 + (-403)/65. Let p(i) = i - 4. Let d be p(b). What are the prime factors of 2 - (d/(-5) - 2)?
2
Suppose -797*j - 10980 = -803*j. What are the prime factors of j?
2, 3, 5, 61
Let x(v) = -v - 9. Let r be x(-5). Let q be r/(-6)*(-3 - 0). What are the prime factors of 1/(q/(-29))*2?
29
Let b = 16 + -4. Suppose -3*x + b = -3. Suppose 142 = x*g + 2*d, -2*g - d + 0*d + 57 = 0. List the prime factors of g.
2, 7
Suppose 11*z - 12*z = -412. Suppose 0 = -7*l + 9*l - z. List the prime factors of l.
2, 103
Let l(y) = -44*y + 4. Let d be l(-2). Suppose -92 = 4*r + d. Let x = -28 - r. List the prime factors of x.
2, 3
List the prime factors of (-16520)/(-18) + 3 + (-26)/(-117).
3, 307
Let n(p) = -6*p + 21. Let w be n(2). What are the prime factors of 4/(-6) + 1725/w + 3?
2, 97
Let g(q) = -4*q + 236. List the prime factors of g(-14).
2, 73
Let v(f) be the first derivative of -2*f**3/3 - 3*f**2/2 - 2*f - 5. Let c be v(-2). List the prime factors of (-28)/c + -1 + -2.
2
What are the prime factors of (-1)/(1/423*15/(-170))?
2, 3, 17, 47
Let h = 813 - 366. List the prime factors of h.
3, 149
Suppose -9*v + 13*v + 1934 = 2*u, 5*u - 5*v - 4840 = 0. List the prime factors of u.
3, 17, 19
Suppose 0 = -2*q - 5*p + 151, -q - 152 = -3*q - 4*p. Let v = q + -22. What are the prime factors of v?
2, 7
Let f(a) = -a**3 + 4*a**2 + 3. Let t be f(4). Let l be 5 + (3 - 2 - 2). Let d = t + l. List the prime factors of d.
7
Suppose -5*u = -2*n + 6*n - 39, 4*n - 33 = -3*u. Suppose -222 = -n*t + 294. List the prime factors of t.
2, 43
Let x = 2907 + -1722. List the prime factors of x.
3, 5, 79
Suppose -3*y = -3*r - 1242, 3*r = 2*y - 2*r - 825. Suppose -15*n = -20*n - y. Let s = -38 - n. List the prime factors of s.
3, 5
Let w(h) = 20*h + 2. Suppose -5*i + 5*r + 35 = 0, 4*r - 1 = -5*i + 16. List the prime factors of w(i).
2, 3, 17
Let l(x) = x + 7. Let w(m) = -3 + 2 + 2. Let s(c) = -l(c) + 3*w(c). What are the prime factors of s(-6)?
2
Let v = -567 - -1603. What are the prime factors of v?
2, 7, 37
Let v(h) = -2*h - 9*h**3 + h**2 + 5*h - 24*h**3 + 1 + 19*h**3. List the prime factors of v(-2).
3, 37
Suppose 15*u - 10*u = 0. Suppose -251 = -4*v - 0*w + 5*w, u = 2*v + w - 115. What are the prime factors of v?
59
Suppose 3*p - 316 = 2*y + p, 301 = -2*y - p. Let d = 233 + y. List the prime factors of d.
2, 5
Suppose 7*d - 2*d = 30. Suppose -151 = -u + x - d*x, u - 154 = -2*x. List the prime factors of u.
2, 3, 13
Let n(x) = x**2 + 5*x + 1. Let y be n(-5). Let r be 10/4 + 6/4. What are the prime factors of 16 + y*(r + -3)?
17
Suppose h + 2*t - 290 = 0, 2*t = -4*h + 388 + 748. Let d be h/(-26) - (-2)/(-13). Let l = 23 + d. List the prime factors of l.
2, 3
Let q(p) = 5*p**2 - 6*p + 10. Let h(m) = 6*m**2 - 7*m + 11. Let z(f) = 6*h(f) - 7*q(f). Let n = -4 + -1. What are the prime factors of z(n)?
3, 7
Let c(l) = 8*l**3 + l**2 - 3*l + 6. Suppose 11 = 3*n + 5. What are the prime factors of c(n)?
2, 17
Let z(n) = 4*n**3 + 6*n**2 + 9*n - 11. Let k(i) = -i**3 - 2*i**2 - 3*i + 4. Let w(b) = 7*k(b) + 2*z(b). List the prime factors of w(3).
2, 3
Let u = -84 - -343. What are the prime factors of u?
7, 37
Suppose 7*v = 2*v - 45. Let y be 30/v*12/(-5). What are the prime factors of 324/33 - y/(-44)?
2, 5
Suppose 0 = 5*v + 2*w - 110, 2*v = 3*v + w - 22. Let f = 95 - v. What are the prime factors of f?
73
Let a(j) = 96*j**2 + j. Let l be a(1). Let i = l + -59. List the prime factors of i.
2, 19
Suppose 3*z = -6*i + 8*i - 565, 3*z + 852 = 3*i. List the prime factors of i.
7, 41
Let b(c) = -12*c**3 + 8*c - 4. Let h be b(-4). List the prime factors of 3/(((-6)/h)/((-1)/3)).
2, 61
Let w = 3700 + -2406. What are the prime factors of w?
2, 647
Let b be 3/(-6)*-14*1. Let d(f) = -7 + b - 1 + 4*f - f**2. List the prime factors of d(2).
3
Let f(d) = -2*d**3 - 8*d**2 - 2*d + 36. List the prime factors of f(-8).
2, 3, 47
Let q be 6*32/6*1. Let n = 18 - 10. Suppose -n*h + q = -4*h. List the prime factors of h.
2
Let a = 1270 + -469. List the prime factors of (64/48)/(3/(a/2)).
2, 89
Let h = -27 - -31. Suppose 0 = 2*o + o + h*m - 249, 2*m - 168 = -2*o. What are the prime factors of o?
3, 29
Let z be 8/12 + -26*1/(-6). Suppose -t + 2*l = -51, z*t - 237 = -0*l + l. List the prime factors of t.
47
Suppose 8 = c + 5. Suppose c*d - 116 = 127. What are the prime factors of d?
3
Let r(o) be the third derivative of o**6/120 + o**5/5 - o**4/6 + o**3/6 - 31*o**2. List the prime factors of r(-11).
2, 83
Suppose 2*o = 4*z - 8 + 30, 2*o - 22 = -z. Suppose 5*d - 4*d - v = o, -3*v = 2*d - 22. List the prime factors of d.
11
Let c be (-1)/2*0/4. Let v(q) = q**3 + q + 4. Let u be v(c). Suppose -2*r + 26 = -u. What are the prime factors of r?
3, 5
Suppose 21 = 3*l - 3*o, -3*l + 8*l - o = 27. Suppose l*b - 420 = 3*b. List the prime factors of b.
2, 3, 5, 7
Let b = -32 - -23. List the prime factors of b/(-6) + (-90)/(-4).
2, 3
Suppose 4 = -13*h + 14*h. Suppose h*v - 177 = -3*m, 3*v - 204 = -3*m + 8*v. What are the prime factors of m?
3, 7
Let x be -4 + -2 + 4 + -1. List the prime factors of (24/(-15))/(x/90).
2, 3
Suppose 20*a + 43795 = 39*a. List the prime factors of a.
5, 461
Suppose 0 = 2*p + 2. Let a(g) = -64*g**2 - g. Let k be a(p). Let q = -30 - k. What are the prime factors of q?
3, 11
Let i be (4 + -121 + -5)/1. List the prime factors of (-3)/12*1 + i/(-8).
3, 5
Let j(d) be the first derivative of -15*d**2/2 + d + 27. Suppose -v + 2*l = -6, -4*v + 3*l + 1 = 2. List the prime factors of j(v).
61
Let w be (3/(-9))/((-3)/18). Suppose -8*s = -w*s - 264. What are the prime factors of s?
2, 11
Suppose 5*d = -5 - 0, 0 = -i - 3*d - 1. Suppose -3*j + i*q - 14 = 0, 2 - 4 = 3*j + q. What are the prime factors of ((j - 2) + -55)/(-1)?
59
Let d(t) = -t**2 - 13*t - 1. Let s be d(-13). List the prime factors of ((-15)/60)/(s/236).
59
Let s = 0 + -7. Let g = -2 - s. Suppose -3*a + 7 = v - 2*a, -5*v = -g*a - 85. What are the prime factors of v?
2, 3
Let p(v) = 5*v**2 - 2*v - 3. Let h be (1/(-3))/(4/24). Let l be -2 - (h + 2 + 1). List the prime factors of p(l).
2, 3
Let y be (3/2)/((-3)/(-72)). Suppose -2*b = 4*g - 10, -g + 2*b = 4*b + 2. Suppose 5*u + 5*w = 60, 24 = 5*u + g*w - y. What are the prime factors of u?
2, 3
Let k(j) = 6*j**2 - 14*j + 42. Let b be k(5). Suppose 4 = 6*o - b. List the prime factors of o.
3, 7
Let c(i) = -3*i**3 + i**2 - i + 1. Let z be c(1). Let x = z + -2. List the prime factors of (224/(-10))/x*5.
2, 7
Suppose -2*n = -6*n + 2*x + 2, -3*x + 9 = 0. Suppose -3*o + n*z + 9 = -0*z, -15 = -5*o + 4*z. Suppose -25 - 11 = -o*w. List the prime factors of w.
2, 3
Let z = -71 - -56. Let l = z - -126. List the prime factors of l.
3, 37
List the prime factors of 6/84*57356 - (-7)/49.
17, 241
Let r be (4/(-16) - -1)*4. Suppose r*f + 4*o = -f + 248, -o = 4*f - 242. Let d = -42 + f. List the prime factors of d.
2, 3
Suppose 75*z - 5384 = 67*z. List the prime factors of z.
673
Suppose 0 = 5*u - 33 + 13. Suppose 2*q = -5*i + 153, -q + u*i - i = -104. List the prime factors of q.
89
Suppose 5*h - 25 = 0, -h + 477 - 73 = o. What are the prime factors of o?
3, 7, 19
Let x = 3300 - -62. What are the prime factors of x?
2, 41
Suppose -h + 3*o + 958 = 0, 5*h = -28*o + 33*o + 4840. What are the prime factors of h?
7, 139
Let i = 2505 + 830. What are the prime factors of i?
5, 23, 29
Suppose 0 = -4*k + k - 36. Let t = 6 + k. Let u = 11 + t. List the prime factors of u.
5
Let r be 0 + 4 + (2 - 1). Let j be 4792/24 + 1/3. Suppose -r*d + j = -0*d. What are the prime factors of d?
2, 5
Suppose -3073 = -1285*u + 1284*u. What are the prime factors of u?
7, 439
Let u = 28 - 18. Suppose -u*q = -13*q + 162. What are the prime factors of q?
2, 3
Let p be -5*(0*(0 + -1) - 1). Suppose 355 = 5*o + 5*c, -p*c + 54 + 9 = o. What are the prime factors of o?
73
Suppose 0 = 5*j - 4*b - 1000 - 55, j + 4*b = 187. What are the prime f